alculate b(3).
0
Suppose -4*f + f - 638 = v, -191 = f - 4*v. Let l = f - -216. Let r(o) = o**2 - 8*o + 4. Calculate r(l).
-11
Let l(o) = -3*o - 18 - 78*o**2 + 28*o**2 + o**3 + 55*o**2 + 4*o. What is l(-5)?
-23
Let d(t) be the third derivative of -t**4/12 + 2*t**3/3 - t**2. Suppose 5*b = -2*g + 5, -3*b + 59*g = 61*g + 1. What is d(b)?
-2
Let v(d) = -d**3 - 6*d**2 - 5*d - 9. Suppose -2*p - 6 = 8, -2*o - 2*p = 26. Give v(o).
21
Let l(f) = -f - 7. Suppose -j = -a + 2, -4*a - 17 = 21*j - 20*j. Determine l(j).
-2
Let r(k) = k**3 - 2*k**2 - k - 4. Let p be (-12)/(-10)*(138/18 + -6). Suppose -15*t - p + 47 = 0. What is r(t)?
2
Suppose 8 = -46*w + 38*w. Let o(y) = -7*y**3 - y - 1. Let g be o(w). Let t(c) = c - 17. Calculate t(g).
-10
Let s(q) be the first derivative of -q**4/4 - 2*q**3/3 - q - 1582. Calculate s(-3).
8
Let x(l) be the first derivative of -51*l**2/2 - 1272*l + 11938. Give x(-25).
3
Suppose -5*p + 96*j - 91*j - 10 = 0, j - 5 = 2*p. Let t(k) = -3*k**2 - 6*k - 16. Give t(p).
-25
Let j(x) = -2*x**2 - 26*x - 86. Suppose 0 = 17*m + 754 - 618. What is j(m)?
-6
Let w(j) = 5*j - 83. Let k = 9231 - 9217. Calculate w(k).
-13
Let r(a) = 5*a**3 - 2*a**2 + a + 2. Let b(q) = 60*q + 59 - 3*q - 63*q. Let f be b(10). Give r(f).
-6
Suppose -588*r = -584*r + 4. Let q(z) = -z**2 - z + 1. Let p(a) = 5 + a**2 - 4*a**2 - a + 0*a**2. Let f(t) = r*p(t) + 2*q(t). Determine f(3).
3
Let i(r) be the first derivative of 1/2*r**2 - 6*r + 16. Determine i(13).
7
Let n(c) = -2*c**2 + 4*c - 2. Let v be n(2). Let h(p) be the third derivative of 4*p**5/15 + p**4/24 + 25*p**2 + 6*p + 29. Give h(v).
62
Let h = 188 - 128. Suppose 24 = -h*u + 56*u. Let r(x) = 8*x + x - 7*x - 3*x. Determine r(u).
6
Let g(u) = -u**2 + u + 7. Suppose 1 = 3*m - 4*a, 3 + 5 = 4*m - 2*a. Suppose 3*b + 13 = r, -m*b - r + 5 - 10 = 0. Determine g(b).
-5
Let d = -30125 - -30126. Let u(r) = 11*r - 5. Calculate u(d).
6
Let l(z) = -z**3 - 2*z**2 + z - 1. Let p(n) = -n**3 + 3*n**2 + 3*n + 4. Let m be p(4). Suppose -4*x = 4*u + 24, -12*u + 8*u - 5*x - 28 = m. Give l(u).
-3
Let z(u) = 1322*u + 34 + 13 - 1315*u. Give z(-7).
-2
Let m(x) = -x**3 + x**2 - 2*x. Let z(j) = -7*j**3 + 3*j**2 - 7*j + 1. Let l be (11/(-4) + (-6)/(-3))*-8. Let r(o) = l*m(o) - z(o). Give r(-4).
3
Let y(a) be the second derivative of -17*a**4/12 - 119*a**3/2 - 4*a**2 - 3238*a. What is y(-21)?
-8
Let m(k) = 3*k**2 - 11*k + 13. Let w(v) = 0*v - 12 + 10*v - 5283*v**2 + 5281*v**2. Let i(r) = -3*m(r) - 4*w(r). What is i(-9)?
-9
Let h = 576 - 436. Let a be (-18*(-2)/(-10))/(56/h). Let w(c) = -c**3 - 10*c**2 - 12*c - 10. Determine w(a).
17
Let u(g) be the first derivative of -g**3/3 - 6*g**2 - 18*g - 23. Let h(t) = 11*t + 175. Let p be h(-17). Calculate u(p).
-18
Let x(o) = -o**2 + 25*o - 140. Let s be (-48)/312 - (-212)/26. Calculate x(s).
-4
Let n = 296 + -290. Let h(b) = 881*b + 2 - 882*b + 0. Determine h(n).
-4
Let b(n) = n**3 - 9*n**2 + 6*n + 15. Suppose 2*u = -22*s + 17*s + 44, 0 = s - 4*u. Calculate b(s).
-1
Let w(u) = u**2 + 9*u + 6. Let l = 6203 - 6212. Determine w(l).
6
Suppose 0 = -3*i + 34 - 7. Let p = 3 - i. Let b(z) be the third derivative of -z**5/60 - 7*z**4/24 - z**3/6 - 68*z**2. Calculate b(p).
5
Let x(a) be the third derivative of -a**7/504 + a**6/720 + a**5/20 + 4*a**3/3 - 41*a**2. Let k(t) be the third derivative of x(t). Determine k(3).
-29
Let i(y) be the second derivative of y**5/60 - y**4/24 - 137*y**3/6 - 7*y - 10. Let z(p) be the second derivative of i(p). Give z(6).
11
Let v(m) = -6*m - 17. Let o = 2445 + -2439. What is v(o)?
-53
Let z be (-4)/(-30) - (-219)/45. Let v(x) = z*x - 3 - 3 - 6*x. Let d(s) = -52*s + 2080. Let f be d(40). Determine v(f).
-6
Let b(x) = 5*x**3 + 19*x**2 + 21*x - 1. Let u(i) = 3*i**3 + 10*i**2 + 11*i - 1. Let v(d) = 4*b(d) - 7*u(d). Let t be (-28)/6*(135/18 - 9). Calculate v(t).
3
Suppose -m - 18 = -5*m + 5*n, n - 8 = -5*m. Suppose 14*t = 15*t - m. Let b(c) = -28*c**2 + 3 + 3*c + 53*c**t + 0 - 27*c**2. Calculate b(3).
-6
Suppose -4*n = x - 8, 6*x - 2*x - 3*n = 13. Let f(b) = 5 - 8*b**2 - x + 9*b**2 + 3 - 4*b. Let k be (-22)/(-6) + 1/3. Determine f(k).
4
Let d(l) = -2*l**2 + 19 + 32 - 51 - 16*l**2. What is d(1)?
-18
Let y(i) = i**3 + 2*i**2 + i. Let j = 36 - 36. Suppose j = -6*l - 6. Give y(l).
0
Suppose -j - 22 = -31. Let p be 1*0*(-3)/j. Let f(z) = 1 + z + z**3 - 5 + 12*z**2 - 22*z**2 + 9*z**2. Determine f(p).
-4
Suppose -4*b - 3*l + 174 = -5*l, -4*l - 213 = -5*b. Suppose y - 43 = -b. Let s(j) = -5*j**2 + 3*j + 2. What is s(y)?
-24
Let r(m) = 112*m - 10203 - 18*m + 10205. Give r(1).
96
Let r be (-2 - (-7 + 10)) + 47. Suppose -13*y + 8*y - 4*q = r, -q = 2*y + 18. Let w(d) = -2*d - 11. What is w(y)?
9
Let r be 5/15 - 16/(-6). Let c be ((r + -2)*0)/(-2). Let u(w) be the first derivative of w**3/3 + w**2/2 + 349. Determine u(c).
0
Let m(o) = 2*o - 9. Let s(l) = -3*l + 54. Let q(r) = 3*m(r) + s(r). What is q(-10)?
-3
Let s(c) = 10*c**2 + 40*c - 5. Let i(l) = -48*l**2 - 186*l + 24. Let p(z) = 3*i(z) + 14*s(z). What is p(4)?
-54
Let p(o) = -88*o + 310 + 194*o - 89*o + 2*o**2 - 332. Determine p(-10).
8
Let n(s) = -4*s - 2. Let c(d) = -d**3 + 4*d**2 - 2*d + 3. Let z be c(3). Let m be 48/(-28) + z/(-21). Calculate n(m).
6
Let c(i) be the third derivative of i**4/24 + 7*i**3/2 + i**2. Suppose -65*z + 81 - 854 = -123. What is c(z)?
11
Suppose d + 7 = 2*x, 2*x - 6 = 2*d - 0*x. Let o(s) = -2*s - 4. Let b(i) = 1 - 5 + 3. Let t(u) = d*o(u) - b(u). Give t(4).
-11
Let t be (-4)/16*0*1*-1. Suppose -l - b - 4 - 2 = t, -36 = 5*l - b. Let n be ((-6)/l + 0)*7. Let z(o) = -o**2 + 7*o - 6. What is z(n)?
0
Let w(s) = s**3 - 3*s**2 - 29*s + 9. Let x be w(7). Let m(d) = -d**x + 35 + 33 - 72 - 8*d. Give m(-5).
11
Let l = -231 - -338. Suppose 0 = 3*s - 178 - l. Let g(t) = 184 - 89 - s + t. Determine g(4).
4
Let r(g) be the third derivative of -g**4/6 + g**3/6 + 4*g**2. Suppose -28*q - 136 + 360 = 0. Suppose -5*f = -2*x - q - 7, -4*x = -f - 15. Calculate r(x).
-19
Let s(f) = 6*f - 5. Let y be (-3)/9 - (7 + (-111)/9). Let c be 2*(9/y - 2)*-10. Calculate s(c).
19
Let j(k) = 6*k - 83. Suppose -v + 105 = -2*z + 80, -3*z + 21 = 3*v. Calculate j(v).
-5
Let w(q) = 5*q**3 - 11*q**2 - 16*q + 5. Let d(k) = k**3 - 2*k**2 - 3*k + 1. Let b(p) = 11*d(p) - 2*w(p). Suppose -5*u = j - 25 + 47, 3*u = -12. Calculate b(j).
-5
Let a = 1478 + -1481. Let g(y) = 22*y + 8. Calculate g(a).
-58
Suppose -4*n + 35*a = 40*a + 3, -5*a + 13 = -4*n. Let o(k) = k**2 + 26*k + 52. What is o(n)?
4
Suppose -9*k = -21*k + 96. Let w(n) = 14*n + k*n - 5 - 20*n. Calculate w(8).
11
Let y(a) be the second derivative of 1/20*a**5 - 1/6*a**4 + 0 - 1/2*a**3 + 0*a**2 + 25*a. Let i = -8 + 11. Give y(i).
0
Let j(l) = -l**2 - 3*l - 28. Let b = -18138 - -18138. Determine j(b).
-28
Suppose -11*c = -5*r - 7*c + 28, -5*r - 5*c = -10. Let m(z) = z - 2. Let t(d) = -5*d + 9. Let a(u) = 9*m(u) + 2*t(u). Give a(r).
-4
Let t(k) = -14*k**2 - 13677*k + 13677*k. Let j be 1/(3/(8 + 1)). Suppose -j = -3*s - 0*s. Calculate t(s).
-14
Let u = 5 - 7. Let o = u - 1. Let i(p) = 67 + 65 - 134 + 11*p - 16*p + p**2 - 2*p**2. Calculate i(o).
4
Let i be 33 + -39 - 1*-12 - -27. Let z = 10 + 0. Let p be 74/z + i/55. Let j(y) = y**2 - 7*y + 1. Calculate j(p).
9
Let y(x) = 4*x**2 - 7*x - 3. Suppose -24 = 4*f - f. Let z(p) = 11*p**2 - 20*p - 9. Let h(g) = f*y(g) + 3*z(g). Suppose -5*d - 671 = -686. Calculate h(d).
-6
Suppose -4*w = -6*a + 68, -4*a + 8*a - 46 = 3*w. Let l(g) = 2*g - 25. Determine l(a).
-5
Suppose -3*h - 5*x = -2*h + 20, 2*h + x - 5 = 0. Let q(j) = 14*j. Let f(a) = 17*a - 115 + 115 - 9*a. Let z(v) = h*f(v) - 3*q(v). Give z(1).
-2
Let d be (4 - -2)*12/24. Let y = 5 - d. Let t(g) = g**2 - g**3 - 20 + 3*g + 4*g + 4*g**y + 14. Give t(6).
0
Let o = -170 + 169. Let c(f) be the second derivative of -f**4/4 + f**3/6 + 48*f - 2. Calculate c(o).
-4
Let k(d) = 6*d**2 - 6*d - 7. Let j(z) = -z**2 + 1. Let o be (4/3)/((-6)/9). Let r be (-9)/9 + (-1 - o)*6. Let y(f) = r*j(f) + k(f). Give y(5).
-7
Let g(c) be the first derivative of 20*c**3 - c**2 - c + 38. What is g(-1)?
61
Let y be (432/240)/((-12)/(-80)). Let s(t) = -t - 25. Determine s(y).
-37
Let d(r) be the first derivative of 19*r**6/120 - r**5/60 + 27*r**2 - 2*r + 60. Let o(g) be the second derivative of d(g). What is o(1)?
18
Let u(t) = t**2 - 